{"id":156,"date":"2019-12-06T11:17:30","date_gmt":"2019-12-06T11:17:30","guid":{"rendered":"http:\/\/delco-datentechnik.de\/?page_id=156"},"modified":"2020-02-10T11:41:00","modified_gmt":"2020-02-10T11:41:00","slug":"referenzen","status":"publish","type":"page","link":"https:\/\/delco.de\/clickandbuilds\/DelcoDatentechnikGmbH\/referenzen\/","title":{"rendered":"Referenzen"},"content":{"rendered":"\n<hr class=\"wp-block-separator\"\/>\n\n\n\n<hr class=\"wp-block-separator\"\/>\n\n\n\n<p style=\"color:#194b7f;font-size:21px\" class=\"has-text-color\"><strong>Mehrere zufriedene Anwender in verschiedenen Branchen geh\u00f6ren bereits zu unseren Referenzen:<\/strong><\/p>\n\n\n\n<hr class=\"wp-block-separator\"\/>\n\n\n\n<div class=\"wp-block-media-text alignwide\" style=\"grid-template-columns:20% auto\"><figure class=\"wp-block-media-text__media\"><img loading=\"lazy\" decoding=\"async\" width=\"225\" height=\"225\" src=\"http:\/\/delco.de\/wp-content\/uploads\/2019\/11\/ewenso.png\" alt=\"\" class=\"wp-image-1684\" srcset=\"https:\/\/delco.de\/wp-content\/uploads\/2019\/11\/ewenso.png 225w, https:\/\/delco.de\/wp-content\/uploads\/2019\/11\/ewenso-150x150.png 150w\" sizes=\"auto, (max-width: 225px) 100vw, 225px\" \/><\/figure><div class=\"wp-block-media-text__content\">\n<p style=\"font-size:15px\"><strong>ewenso Betriebs GmbH<\/strong><br>Gr\u00fcner Weg 7 <br>D &#8211; 33449 Langenberg <br><a href=\"http:\/\/www.ewenso.de\/\" target=\"_blank\" rel=\"noreferrer noopener\" aria-label=\" (opens in a new tab)\">www.ewenso.de<\/a><\/p>\n<\/div><\/div>\n\n\n\n<hr class=\"wp-block-separator\"\/>\n\n\n\n<hr class=\"wp-block-separator\"\/>\n\n\n\n<div class=\"wp-block-media-text alignwide\" style=\"grid-template-columns:20% auto\"><figure class=\"wp-block-media-text__media\"><img loading=\"lazy\" decoding=\"async\" width=\"284\" height=\"178\" src=\"http:\/\/delco.de\/wp-content\/uploads\/2019\/11\/Adsoba-1.jpg\" alt=\"\" class=\"wp-image-1681\" srcset=\"https:\/\/delco.de\/wp-content\/uploads\/2019\/11\/Adsoba-1.jpg 284w, https:\/\/delco.de\/wp-content\/uploads\/2019\/11\/Adsoba-1-150x94.jpg 150w\" sizes=\"auto, (max-width: 284px) 100vw, 284px\" \/><\/figure><div class=\"wp-block-media-text__content\">\n<p style=\"font-size:15px\"><strong>ADSOBA GmbH<\/strong><br>Bahnhofstra\u00dfe 24<br>D &#8211; 77749 Hohberg-Niederschopfheim <br><a href=\"http:\/\/www.adsoba.de\/\" target=\"_blank\" rel=\"noreferrer noopener\" aria-label=\" (opens in a new tab)\">www.adsoba.de<\/a><\/p>\n<\/div><\/div>\n\n\n\n<hr class=\"wp-block-separator\"\/>\n\n\n\n<hr class=\"wp-block-separator\"\/>\n\n\n\n<div class=\"wp-block-media-text alignwide\" style=\"grid-template-columns:20% auto\"><figure class=\"wp-block-media-text__media\"><img loading=\"lazy\" decoding=\"async\" width=\"363\" height=\"139\" src=\"http:\/\/delco.de\/wp-content\/uploads\/2019\/11\/Finsterwalder.png\" alt=\"\" class=\"wp-image-1673\" srcset=\"https:\/\/delco.de\/wp-content\/uploads\/2019\/11\/Finsterwalder.png 363w, https:\/\/delco.de\/wp-content\/uploads\/2019\/11\/Finsterwalder-300x115.png 300w, https:\/\/delco.de\/wp-content\/uploads\/2019\/11\/Finsterwalder-150x57.png 150w\" sizes=\"auto, (max-width: 363px) 100vw, 363px\" \/><\/figure><div class=\"wp-block-media-text__content\">\n<p style=\"font-size:15px\"><strong>Finsterwalder Umwelttechnik <\/strong><br><strong>GmbH &amp; Co. KG<br><\/strong>Mailinger Weg 5<br>D &#8211; 83233 Bernau <br><a rel=\"noreferrer noopener\" href=\"http:\/\/www.fitec.com\/\" target=\"_blank\">www.fitec.com<\/a><\/p>\n<\/div><\/div>\n\n\n\n<hr class=\"wp-block-separator\"\/>\n\n\n\n<hr class=\"wp-block-separator\"\/>\n\n\n\n<div class=\"wp-block-media-text alignwide\" style=\"grid-template-columns:20% auto\"><figure class=\"wp-block-media-text__media\"><img loading=\"lazy\" decoding=\"async\" width=\"225\" height=\"218\" src=\"http:\/\/delco.de\/wp-content\/uploads\/2019\/12\/images.png\" alt=\"\" class=\"wp-image-1842\" srcset=\"https:\/\/delco.de\/wp-content\/uploads\/2019\/12\/images.png 225w, https:\/\/delco.de\/wp-content\/uploads\/2019\/12\/images-150x145.png 150w\" sizes=\"auto, (max-width: 225px) 100vw, 225px\" \/><\/figure><div class=\"wp-block-media-text__content\">\n<p style=\"font-size:15px\"><strong>Westflug Flight Training GmbH &amp; Co.KG<\/strong><br>Merzbr\u00fcck 218<br>D &#8211; 52146 W\u00fcrselen <br><a href=\"http:\/\/www.westflug.de\/\" target=\"_blank\" rel=\"noreferrer noopener\" aria-label=\" (opens in a new tab)\">www.westflug.de<\/a><\/p>\n<\/div><\/div>\n\n\n\n<hr class=\"wp-block-separator\"\/>\n\n\n\n<hr class=\"wp-block-separator\"\/>\n\n\n\n<div class=\"wp-block-media-text alignwide\" style=\"grid-template-columns:20% auto\"><figure class=\"wp-block-media-text__media\"><img loading=\"lazy\" decoding=\"async\" width=\"283\" height=\"120\" src=\"http:\/\/delco.de\/wp-content\/uploads\/2019\/11\/Margaretenhof.png\" alt=\"\" class=\"wp-image-1651\" srcset=\"https:\/\/delco.de\/wp-content\/uploads\/2019\/11\/Margaretenhof.png 283w, https:\/\/delco.de\/wp-content\/uploads\/2019\/11\/Margaretenhof-150x64.png 150w\" sizes=\"auto, (max-width: 283px) 100vw, 283px\" \/><\/figure><div class=\"wp-block-media-text__content\">\n<p style=\"font-size:15px\"><strong>Margaretenhof<\/strong><br>Weingut, Restaurant, Konditorei<br>Am Sportfeld 23-25<br>D &#8211; 55270 Schwabenheim <br><a rel=\"noreferrer noopener\" aria-label=\" (opens in a new tab)\" href=\"http:\/\/www.margaretenhof.info\/\" target=\"_blank\">www.margaretenhof.info<\/a><\/p>\n<\/div><\/div>\n\n\n\n<hr class=\"wp-block-separator\"\/>\n\n\n\n<hr class=\"wp-block-separator\"\/>\n\n\n\n<div class=\"wp-block-media-text alignwide\" style=\"grid-template-columns:20% auto\"><figure class=\"wp-block-media-text__media\"><img loading=\"lazy\" decoding=\"async\" width=\"450\" height=\"112\" src=\"http:\/\/delco.de\/wp-content\/uploads\/2019\/11\/reimann.jpg\" alt=\"\" class=\"wp-image-1647\" srcset=\"https:\/\/delco.de\/wp-content\/uploads\/2019\/11\/reimann.jpg 450w, https:\/\/delco.de\/wp-content\/uploads\/2019\/11\/reimann-300x75.jpg 300w, https:\/\/delco.de\/wp-content\/uploads\/2019\/11\/reimann-150x37.jpg 150w\" sizes=\"auto, (max-width: 450px) 100vw, 450px\" \/><\/figure><div class=\"wp-block-media-text__content\">\n<p style=\"font-size:15px\"><strong>Reimann New Energy<\/strong><br>Kirchweg 8<br>D &#8211; 59597 Erwitte<br> <a href=\"http:\/\/www.reimann-new-energy.de\/\" target=\"_blank\" rel=\"noreferrer noopener\" aria-label=\" (opens in a new tab)\">www.reimann-new-energy.de<\/a> <\/p>\n<\/div><\/div>\n\n\n\n<hr class=\"wp-block-separator\"\/>\n\n\n\n<hr class=\"wp-block-separator\"\/>\n\n\n\n<div class=\"wp-block-media-text alignwide\" style=\"grid-template-columns:20% auto\"><figure class=\"wp-block-media-text__media\"><img loading=\"lazy\" decoding=\"async\" width=\"225\" height=\"225\" src=\"http:\/\/delco.de\/wp-content\/uploads\/2019\/11\/Hema.png\" alt=\"\" class=\"wp-image-1640\" srcset=\"https:\/\/delco.de\/wp-content\/uploads\/2019\/11\/Hema.png 225w, https:\/\/delco.de\/wp-content\/uploads\/2019\/11\/Hema-150x150.png 150w\" sizes=\"auto, (max-width: 225px) 100vw, 225px\" \/><\/figure><div class=\"wp-block-media-text__content\">\n<p style=\"font-size:15px\"><strong>HEMA headoffice<\/strong><br>NDSM-straat 10<br>NL &#8211; 1033 Amsterdam  <br><a href=\"http:\/\/www.hema.nl\/\" target=\"_blank\" rel=\"noreferrer noopener\" aria-label=\" (opens in a new tab)\">www.hema.nl<\/a><\/p>\n<\/div><\/div>\n\n\n\n<hr class=\"wp-block-separator\"\/>\n\n\n\n<hr class=\"wp-block-separator\"\/>\n\n\n\n<div class=\"wp-block-media-text alignwide\" style=\"grid-template-columns:20% auto\"><figure class=\"wp-block-media-text__media\"><img loading=\"lazy\" decoding=\"async\" width=\"436\" height=\"116\" src=\"http:\/\/delco.de\/wp-content\/uploads\/2019\/11\/Betafence.jpg\" alt=\"\" class=\"wp-image-1635\" srcset=\"https:\/\/delco.de\/wp-content\/uploads\/2019\/11\/Betafence.jpg 436w, https:\/\/delco.de\/wp-content\/uploads\/2019\/11\/Betafence-300x80.jpg 300w, https:\/\/delco.de\/wp-content\/uploads\/2019\/11\/Betafence-150x40.jpg 150w\" sizes=\"auto, (max-width: 436px) 100vw, 436px\" \/><\/figure><div class=\"wp-block-media-text__content\">\n<p style=\"font-size:15px\"><strong>Werler Drahtwerke GmbH<\/strong><br>D\u00fclkener Stra\u00dfe 200<br>D &#8211; 41366&nbsp; Schwalmtal <br><a rel=\"noreferrer noopener\" href=\"http:\/\/www.betafence.com\/\" target=\"_blank\">www.betafence.com<\/a><\/p>\n<\/div><\/div>\n\n\n\n<hr class=\"wp-block-separator\"\/>\n\n\n\n<hr class=\"wp-block-separator\"\/>\n\n\n\n<div class=\"wp-block-media-text alignwide\" style=\"grid-template-columns:20% auto\"><figure class=\"wp-block-media-text__media\"><img loading=\"lazy\" decoding=\"async\" width=\"285\" height=\"177\" src=\"http:\/\/delco.de\/wp-content\/uploads\/2019\/11\/Glosemeyer.jpg\" alt=\"\" class=\"wp-image-1633\" srcset=\"https:\/\/delco.de\/wp-content\/uploads\/2019\/11\/Glosemeyer.jpg 285w, https:\/\/delco.de\/wp-content\/uploads\/2019\/11\/Glosemeyer-150x93.jpg 150w\" sizes=\"auto, (max-width: 285px) 100vw, 285px\" \/><\/figure><div class=\"wp-block-media-text__content\">\n<p style=\"font-size:15px\"><strong>Glosemeyer GmbH &amp; Co. KG<\/strong><br>S\u00fcdstra\u00dfe 39<br>D &#8211; 49084 Osnabr\u00fcck<br><a href=\"http:\/\/www.glosemeyer.de\/\" target=\"_blank\" rel=\"noreferrer noopener\" aria-label=\" (opens in a new tab)\">www.glosemeyer.de<\/a><\/p>\n<\/div><\/div>\n\n\n\n<hr class=\"wp-block-separator\"\/>\n\n\n\n<hr class=\"wp-block-separator\"\/>\n\n\n\n<div class=\"wp-block-media-text alignwide\" style=\"grid-template-columns:20% auto\"><figure class=\"wp-block-media-text__media\"><img loading=\"lazy\" decoding=\"async\" width=\"484\" height=\"130\" src=\"http:\/\/delco-datentechnik.de\/wp-content\/uploads\/2016\/04\/schrer1.bmp\" alt=\"schrer1\" class=\"wp-image-178\"\/><\/figure><div class=\"wp-block-media-text__content\">\n<p><strong>Sch\u00f6er Pr\u00e4zision GmbH <\/strong><br>Rigaer Stra\u00dfe 14<br>D &#8211; 59557 Lippstadt<br><a href=\"http:\/\/www.schroeerpraezision.de\/\" target=\"_blank\" rel=\"noreferrer noopener\" aria-label=\" (opens in a new tab)\">www.schroeerpraezision.de<\/a><\/p>\n<\/div><\/div>\n\n\n\n<hr class=\"wp-block-separator\"\/>\n\n\n\n<hr class=\"wp-block-separator\"\/>\n\n\n\n<div class=\"wp-block-media-text alignwide\" style=\"grid-template-columns:20% auto\"><figure class=\"wp-block-media-text__media\"><img loading=\"lazy\" decoding=\"async\" width=\"206\" height=\"125\" src=\"http:\/\/delco-datentechnik.de\/wp-content\/uploads\/2016\/04\/logo-heuer-tanks.png\" alt=\"logo-heuer-tanks\" class=\"wp-image-182\" srcset=\"https:\/\/delco.de\/wp-content\/uploads\/2016\/04\/logo-heuer-tanks.png 206w, https:\/\/delco.de\/wp-content\/uploads\/2016\/04\/logo-heuer-tanks-150x91.png 150w\" sizes=\"auto, (max-width: 206px) 100vw, 206px\" \/><\/figure><div class=\"wp-block-media-text__content\">\n<p style=\"font-size:15px\"><strong>Georg Heuer Beh\u00e4lterhandel<br>und Industriebedarf GmbH<\/strong><br>Zum S\u00e4gewerk 153<br>D &#8211; 33378 Rheda-Wiedenbr\u00fcck <br><a href=\"http:\/\/www.georg-heuer.de\/\" target=\"_blank\" rel=\"noreferrer noopener\" aria-label=\" (opens in a new tab)\">www.georg-heuer.de<\/a><\/p>\n<\/div><\/div>\n\n\n\n<hr class=\"wp-block-separator\"\/>\n\n\n\n<hr class=\"wp-block-separator\"\/>\n\n\n\n<div class=\"wp-block-media-text alignwide\" style=\"grid-template-columns:20% auto\"><figure class=\"wp-block-media-text__media\"><img loading=\"lazy\" decoding=\"async\" width=\"374\" height=\"135\" src=\"http:\/\/delco.de\/wp-content\/uploads\/2019\/11\/Piktura.png\" alt=\"\" class=\"wp-image-1624\" srcset=\"https:\/\/delco.de\/wp-content\/uploads\/2019\/11\/Piktura.png 374w, https:\/\/delco.de\/wp-content\/uploads\/2019\/11\/Piktura-300x108.png 300w, https:\/\/delco.de\/wp-content\/uploads\/2019\/11\/Piktura-150x54.png 150w\" sizes=\"auto, (max-width: 374px) 100vw, 374px\" \/><\/figure><div class=\"wp-block-media-text__content\">\n<p style=\"font-size:15px\"><strong>Poktura Holzbearbeitung GmbH<br><\/strong>Otto-Hahn-Stra\u00dfe 23-25<br>D &#8211; 33161 H\u00f6velhof<br><a href=\"http:\/\/www.piktura.de\/\" target=\"_blank\" rel=\"noreferrer noopener\" aria-label=\" (opens in a new tab)\">www.piktura.de<\/a><\/p>\n<\/div><\/div>\n\n\n\n<hr class=\"wp-block-separator\"\/>\n\n\n\n<hr class=\"wp-block-separator\"\/>\n\n\n\n<div class=\"wp-block-media-text alignwide\" style=\"grid-template-columns:20% auto\"><figure class=\"wp-block-media-text__media\"><img loading=\"lazy\" decoding=\"async\" width=\"400\" height=\"144\" src=\"http:\/\/delco.de\/wp-content\/uploads\/2019\/11\/schr\u00f6no-logo1.png\" alt=\"\" class=\"wp-image-1588\" srcset=\"https:\/\/delco.de\/wp-content\/uploads\/2019\/11\/schr\u00f6no-logo1.png 400w, https:\/\/delco.de\/wp-content\/uploads\/2019\/11\/schr\u00f6no-logo1-300x108.png 300w, https:\/\/delco.de\/wp-content\/uploads\/2019\/11\/schr\u00f6no-logo1-150x54.png 150w\" sizes=\"auto, (max-width: 400px) 100vw, 400px\" \/><\/figure><div class=\"wp-block-media-text__content\">\n<p style=\"font-size:15px\"><strong>Schr\u00f6no Polsterm\u00f6belmanufaktur <\/strong><br><strong>GmbH &amp; Co. KG<\/strong><br>Auf dem Busche 45<br>D &#8211; 33129 Delbr\u00fcck<br><a rel=\"noreferrer noopener\" href=\"http:\/\/www.schroeno.de\/\" target=\"_blank\">www.schroeno.de&nbsp;<\/a><br><\/p>\n<\/div><\/div>\n\n\n\n<hr class=\"wp-block-separator\"\/>\n\n\n\n<hr class=\"wp-block-separator\"\/>\n\n\n\n<div class=\"wp-block-media-text alignwide\" style=\"grid-template-columns:20% auto\"><figure class=\"wp-block-media-text__media\"><img loading=\"lazy\" decoding=\"async\" width=\"452\" height=\"111\" src=\"http:\/\/delco.de\/wp-content\/uploads\/2019\/11\/Schr\u00f6der.png\" alt=\"\" class=\"wp-image-1585\" srcset=\"https:\/\/delco.de\/wp-content\/uploads\/2019\/11\/Schr\u00f6der.png 452w, https:\/\/delco.de\/wp-content\/uploads\/2019\/11\/Schr\u00f6der-300x74.png 300w, https:\/\/delco.de\/wp-content\/uploads\/2019\/11\/Schr\u00f6der-150x37.png 150w\" sizes=\"auto, (max-width: 452px) 100vw, 452px\" \/><\/figure><div class=\"wp-block-media-text__content\">\n<p style=\"font-size:15px\"><strong>Franz Schr\u00f6der GmbH &amp; Co. KG<\/strong><br>Auf dem Busche 45\u00a0<br>D &#8211; 33129 Delbr\u00fcck<br><a href=\"http:\/\/www.schroeder-moebel.de\" target=\"_blank\" rel=\"noreferrer noopener\" aria-label=\" (opens in a new tab)\">www.schroeder-moebel.de<\/a><br><\/p>\n<\/div><\/div>\n\n\n\n<hr class=\"wp-block-separator\"\/>\n\n\n\n<hr class=\"wp-block-separator\"\/>\n\n\n\n<div class=\"wp-block-media-text alignwide\" style=\"grid-template-columns:20% auto\"><figure class=\"wp-block-media-text__media\"><img loading=\"lazy\" decoding=\"async\" width=\"300\" height=\"59\" src=\"http:\/\/delco.de\/wp-content\/uploads\/2016\/04\/logo_suedbrock_farbig_braun-300x59.jpg\" alt=\"logo_suedbrock_farbig_braun\" class=\"wp-image-187\" srcset=\"https:\/\/delco.de\/wp-content\/uploads\/2016\/04\/logo_suedbrock_farbig_braun-300x59.jpg 300w, https:\/\/delco.de\/wp-content\/uploads\/2016\/04\/logo_suedbrock_farbig_braun-768x151.jpg 768w, https:\/\/delco.de\/wp-content\/uploads\/2016\/04\/logo_suedbrock_farbig_braun-1024x201.jpg 1024w, https:\/\/delco.de\/wp-content\/uploads\/2016\/04\/logo_suedbrock_farbig_braun-150x29.jpg 150w, https:\/\/delco.de\/wp-content\/uploads\/2016\/04\/logo_suedbrock_farbig_braun.jpg 1920w\" sizes=\"auto, (max-width: 300px) 100vw, 300px\" \/><\/figure><div class=\"wp-block-media-text__content\">\n<p style=\"font-size:15px\"><strong>Albert S\u00fcdbrock GmbH<\/strong><br>Ringstra\u00dfe 155<br>D &#8211; 33378 Rheda-Wiedenbr\u00fcck<br><a href=\"http:\/\/www.suedbrock.de\/\" target=\"_blank\" rel=\"noreferrer noopener\" aria-label=\" (opens in a new tab)\">www.suedbrock.de<\/a><\/p>\n<\/div><\/div>\n\n\n\n<hr class=\"wp-block-separator\"\/>\n\n\n\n<hr class=\"wp-block-separator\"\/>\n\n\n\n<div class=\"wp-block-media-text alignwide\" style=\"grid-template-columns:20% auto\"><figure class=\"wp-block-media-text__media\"><img loading=\"lazy\" decoding=\"async\" width=\"446\" height=\"113\" src=\"http:\/\/delco.de\/wp-content\/uploads\/2019\/11\/Kirberg.png\" alt=\"\" class=\"wp-image-1619\" srcset=\"https:\/\/delco.de\/wp-content\/uploads\/2019\/11\/Kirberg.png 446w, https:\/\/delco.de\/wp-content\/uploads\/2019\/11\/Kirberg-300x76.png 300w, https:\/\/delco.de\/wp-content\/uploads\/2019\/11\/Kirberg-150x38.png 150w\" sizes=\"auto, (max-width: 446px) 100vw, 446px\" \/><\/figure><div class=\"wp-block-media-text__content\">\n<p style=\"font-size:15px\"><strong>August Kirberg Stahlservice GmbH <br><\/strong>Arrenberger Stra\u00dfe 59-65<br>D &#8211; 42117 Wuppertal<br><a rel=\"noreferrer noopener\" href=\"http:\/\/www.kirberg.de\/\" target=\"_blank\">www.kirberg.de<\/a><\/p>\n<\/div><\/div>\n\n\n\n<hr class=\"wp-block-separator\"\/>\n\n\n\n<hr class=\"wp-block-separator\"\/>\n\n\n\n<div class=\"wp-block-media-text alignwide\" style=\"grid-template-columns:20% auto\"><figure class=\"wp-block-media-text__media\"><img loading=\"lazy\" decoding=\"async\" width=\"195\" height=\"131\" src=\"http:\/\/delco.de\/wp-content\/uploads\/2019\/11\/Binhold.jpg\" alt=\"\" class=\"wp-image-1615\" srcset=\"https:\/\/delco.de\/wp-content\/uploads\/2019\/11\/Binhold.jpg 195w, https:\/\/delco.de\/wp-content\/uploads\/2019\/11\/Binhold-150x101.jpg 150w\" sizes=\"auto, (max-width: 195px) 100vw, 195px\" \/><\/figure><div class=\"wp-block-media-text__content\">\n<p style=\"font-size:15px\"><strong>Binhold GmbH<br><\/strong>Im Ohl 18a<br>D &#8211; 59757 Arnsberg <br><a href=\"http:\/\/www.binhold.de\/\" target=\"_blank\" rel=\"noreferrer noopener\" aria-label=\" (opens in a new tab)\">www.binhold.de\u00a0<\/a><\/p>\n<\/div><\/div>\n\n\n\n<hr class=\"wp-block-separator\"\/>\n\n\n\n<hr class=\"wp-block-separator\"\/>\n\n\n\n<div class=\"wp-block-media-text alignwide\" style=\"grid-template-columns:20% auto\"><figure class=\"wp-block-media-text__media\"><img loading=\"lazy\" decoding=\"async\" width=\"425\" height=\"119\" src=\"http:\/\/delco.de\/wp-content\/uploads\/2019\/11\/Husemann.png\" alt=\"\" class=\"wp-image-1613\" srcset=\"https:\/\/delco.de\/wp-content\/uploads\/2019\/11\/Husemann.png 425w, https:\/\/delco.de\/wp-content\/uploads\/2019\/11\/Husemann-300x84.png 300w, https:\/\/delco.de\/wp-content\/uploads\/2019\/11\/Husemann-150x42.png 150w\" sizes=\"auto, (max-width: 425px) 100vw, 425px\" \/><\/figure><div class=\"wp-block-media-text__content\">\n<p style=\"font-size:15px\"><strong>Fritz Husemann GmbH &amp; Co. KG<\/strong><br>Gottlieb-Daimler-Stra\u00dfe 29<br>D &#8211; 33334 G\u00fctersloh<br><a rel=\"noreferrer noopener\" href=\"http:\/\/www.husemann.de\/\" target=\"_blank\">www.husemann.de<\/a><\/p>\n<\/div><\/div>\n\n\n\n<hr class=\"wp-block-separator\"\/>\n\n\n\n<hr class=\"wp-block-separator\"\/>\n\n\n\n<div class=\"wp-block-media-text alignwide\" style=\"grid-template-columns:20% auto\"><figure class=\"wp-block-media-text__media\"><img loading=\"lazy\" decoding=\"async\" width=\"599\" height=\"84\" src=\"http:\/\/delco.de\/wp-content\/uploads\/2019\/11\/Kottmeyer.png\" alt=\"\" class=\"wp-image-1610\" srcset=\"https:\/\/delco.de\/wp-content\/uploads\/2019\/11\/Kottmeyer.png 599w, https:\/\/delco.de\/wp-content\/uploads\/2019\/11\/Kottmeyer-300x42.png 300w, https:\/\/delco.de\/wp-content\/uploads\/2019\/11\/Kottmeyer-150x21.png 150w\" sizes=\"auto, (max-width: 599px) 100vw, 599px\" \/><\/figure><div class=\"wp-block-media-text__content\">\n<p style=\"font-size:15px\"><strong>Kottmeyer Transporte <\/strong><br><strong>GmbH &amp; Co. KG<\/strong><br>Br\u00fcckenstra\u00dfe 9<br>D &#8211; 32549 Bad Oeynhausen<br><a href=\"http:\/\/www.kottmeyer.de\/\" target=\"_blank\" rel=\"noreferrer noopener\" aria-label=\" (opens in a new tab)\">www.kottmeyer.de<\/a><\/p>\n<\/div><\/div>\n\n\n\n<hr class=\"wp-block-separator\"\/>\n\n\n\n<hr class=\"wp-block-separator\"\/>\n\n\n\n<div class=\"wp-block-media-text alignwide\" style=\"grid-template-columns:20% auto\"><figure class=\"wp-block-media-text__media\"><img loading=\"lazy\" decoding=\"async\" width=\"210\" height=\"85\" src=\"http:\/\/delco.de\/wp-content\/uploads\/2019\/11\/L\u00fcbke.png\" alt=\"\" class=\"wp-image-1606\" srcset=\"https:\/\/delco.de\/wp-content\/uploads\/2019\/11\/L\u00fcbke.png 210w, https:\/\/delco.de\/wp-content\/uploads\/2019\/11\/L\u00fcbke-150x61.png 150w\" sizes=\"auto, (max-width: 210px) 100vw, 210px\" \/><\/figure><div class=\"wp-block-media-text__content\">\n<p style=\"font-size:15px\"><strong>L\u00fcbke Oberfl\u00e4chentechnik GmbH<br><\/strong>Hans-Martin-Schleier-Stra\u00dfe 6<br>D &#8211; 59846 Sundern-Westenfeld<br><a href=\"http:\/\/www.luebke-gmbh.de\/\" target=\"_blank\" rel=\"noreferrer noopener\" aria-label=\" (opens in a new tab)\">www.luebke-gmbh.de<\/a><\/p>\n<\/div><\/div>\n\n\n\n<hr class=\"wp-block-separator\"\/>\n\n\n\n<hr class=\"wp-block-separator\"\/>\n\n\n\n<div class=\"wp-block-media-text alignwide\" style=\"grid-template-columns:20% auto\"><figure class=\"wp-block-media-text__media\"><img loading=\"lazy\" decoding=\"async\" width=\"250\" height=\"122\" src=\"http:\/\/delco.de\/wp-content\/uploads\/2019\/11\/Metrio.png\" alt=\"\" class=\"wp-image-1603\" srcset=\"https:\/\/delco.de\/wp-content\/uploads\/2019\/11\/Metrio.png 250w, https:\/\/delco.de\/wp-content\/uploads\/2019\/11\/Metrio-150x73.png 150w\" sizes=\"auto, (max-width: 250px) 100vw, 250px\" \/><\/figure><div class=\"wp-block-media-text__content\">\n<p style=\"font-size:15px\"><strong>METRIO GmbH<\/strong><br>Auf der Breihe 7<br>D &#8211; 59469 Ense &#8211; H\u00f6ingen<br><a rel=\"noreferrer noopener\" href=\"http:\/\/www.metrio.de\/\" target=\"_blank\">www.metrio.de&nbsp;<\/a><\/p>\n<\/div><\/div>\n\n\n\n<hr class=\"wp-block-separator\"\/>\n\n\n\n<hr class=\"wp-block-separator\"\/>\n\n\n\n<div class=\"wp-block-media-text alignwide\" style=\"grid-template-columns:20% auto\"><figure class=\"wp-block-media-text__media\"><img loading=\"lazy\" decoding=\"async\" width=\"533\" height=\"94\" src=\"http:\/\/delco.de\/wp-content\/uploads\/2019\/11\/risse.png\" alt=\"\" class=\"wp-image-1599\" srcset=\"https:\/\/delco.de\/wp-content\/uploads\/2019\/11\/risse.png 533w, https:\/\/delco.de\/wp-content\/uploads\/2019\/11\/risse-300x53.png 300w, https:\/\/delco.de\/wp-content\/uploads\/2019\/11\/risse-150x26.png 150w\" sizes=\"auto, (max-width: 533px) 100vw, 533px\" \/><\/figure><div class=\"wp-block-media-text__content\">\n<p style=\"font-size:15px\"><strong>Risse &amp; Co. GmbH<\/strong><br>Zur L\u00fctgenheide 14<br>D &#8211; 59581 Warstein-Suttrop<br><a href=\"http:\/\/www.risse-spritzgiesswerk.de\/\" target=\"_blank\" rel=\"noreferrer noopener\" aria-label=\" (opens in a new tab)\">www.risse-spritzgiesswerk.de<\/a><\/p>\n<\/div><\/div>\n\n\n\n<hr class=\"wp-block-separator\"\/>\n\n\n\n<hr class=\"wp-block-separator\"\/>\n\n\n\n<div class=\"wp-block-media-text alignwide\" style=\"grid-template-columns:20% auto\"><figure class=\"wp-block-media-text__media\"><img loading=\"lazy\" decoding=\"async\" width=\"479\" height=\"105\" src=\"http:\/\/delco.de\/wp-content\/uploads\/2019\/11\/Stadtwerke.jpg\" alt=\"\" class=\"wp-image-1597\" srcset=\"https:\/\/delco.de\/wp-content\/uploads\/2019\/11\/Stadtwerke.jpg 479w, https:\/\/delco.de\/wp-content\/uploads\/2019\/11\/Stadtwerke-300x66.jpg 300w, https:\/\/delco.de\/wp-content\/uploads\/2019\/11\/Stadtwerke-150x33.jpg 150w\" sizes=\"auto, (max-width: 479px) 100vw, 479px\" \/><\/figure><div class=\"wp-block-media-text__content\">\n<p style=\"font-size:15px\"><strong>Stadtwerke Werl GmbH<br><\/strong>Energie und Wasser<br>Grafenstra\u00dfe 25<br>D &#8211; 59457 Werl<br><a href=\"http:\/\/www.stadtwerke-werl.de\/\" target=\"_blank\" rel=\"noreferrer noopener\" aria-label=\" (opens in a new tab)\">www.stadtwerke-werl.de\u00a0<\/a><\/p>\n<\/div><\/div>\n\n\n\n<hr class=\"wp-block-separator\"\/>\n\n\n\n<hr class=\"wp-block-separator\"\/>\n\n\n\n<div class=\"wp-block-media-text alignwide\" style=\"grid-template-columns:20% auto\"><figure class=\"wp-block-media-text__media\"><img loading=\"lazy\" decoding=\"async\" width=\"332\" height=\"71\" src=\"http:\/\/delco.de\/wp-content\/uploads\/2019\/11\/SytronicLogo2-1.png\" alt=\"\" class=\"wp-image-1594\" srcset=\"https:\/\/delco.de\/wp-content\/uploads\/2019\/11\/SytronicLogo2-1.png 332w, https:\/\/delco.de\/wp-content\/uploads\/2019\/11\/SytronicLogo2-1-300x64.png 300w, https:\/\/delco.de\/wp-content\/uploads\/2019\/11\/SytronicLogo2-1-150x32.png 150w\" sizes=\"auto, (max-width: 332px) 100vw, 332px\" \/><\/figure><div class=\"wp-block-media-text__content\">\n<p style=\"font-size:15px\"><strong>SYTRONIC Kabel GmbH<br><\/strong>Otto-Hahn-Stra\u00dfe 26<br>D &#8211; 59423 Unna<br><a href=\"http:\/\/www.sytronic-kabel.de\/\" target=\"_blank\" rel=\"noreferrer noopener\" aria-label=\" (opens in a new tab)\">www.sytronic-kabel.de<\/a><\/p>\n<\/div><\/div>\n\n\n\n<hr class=\"wp-block-separator\"\/>\n\n\n\n<hr class=\"wp-block-separator\"\/>\n\n\n\n<p style=\"color:#194b7f;font-size:21px\" class=\"has-text-color\"><strong>Gemeinsam mit unseren Kooperationspartnern Erfolg haben, basierend auf gegenseitigen Vertrauen und Respekt !!!<\/strong><\/p>\n\n\n\n<pre class=\"wp-block-verse\"><a href=\"https:\/\/delco.de\/clickandbuilds\/DelcoDatentechnikGmbH\/erfahrungsberichte\/\" target=\"_blank\" rel=\"noreferrer noopener\" aria-label=\" (opens in a new tab)\">Kunden-Erfahrungsberichte<\/a><\/pre>\n\n\n\n<hr class=\"wp-block-separator\"\/>\n\n\n\n<p><a href=\"http:\/\/delco.de\/\">\u25c4 Home<\/a><\/p>\n","protected":false},"excerpt":{"rendered":"<p>Mehrere zufriedene Anwender in verschiedenen Branchen geh\u00f6ren bereits zu unseren Referenzen: ewenso Betriebs GmbHGr\u00fcner Weg 7 D &#8211; 33449 Langenberg www.ewenso.de ADSOBA GmbHBahnhofstra\u00dfe 24D &#8211; 77749 Hohberg-Niederschopfheim www.adsoba.de Finsterwalder Umwelttechnik GmbH &amp; Co. KGMailinger Weg 5D &#8211; 83233 Bernau www.fitec.com Westflug Flight Training GmbH &amp; Co.KGMerzbr\u00fcck 218D &#8211; 52146 W\u00fcrselen\u2026<\/p>\n<p class=\"continue-reading-button\"> <a class=\"continue-reading-link\" href=\"https:\/\/delco.de\/clickandbuilds\/DelcoDatentechnikGmbH\/referenzen\/\">mehr lesen<i class=\"crycon-right-dir\"><\/i><\/a><\/p>\n","protected":false},"author":6,"featured_media":0,"parent":0,"menu_order":0,"comment_status":"closed","ping_status":"closed","template":"","meta":{"footnotes":""},"class_list":["post-156","page","type-page","status-publish","hentry"],"_links":{"self":[{"href":"https:\/\/delco.de\/clickandbuilds\/DelcoDatentechnikGmbH\/wp-json\/wp\/v2\/pages\/156","targetHints":{"allow":["GET"]}}],"collection":[{"href":"https:\/\/delco.de\/clickandbuilds\/DelcoDatentechnikGmbH\/wp-json\/wp\/v2\/pages"}],"about":[{"href":"https:\/\/delco.de\/clickandbuilds\/DelcoDatentechnikGmbH\/wp-json\/wp\/v2\/types\/page"}],"author":[{"embeddable":true,"href":"https:\/\/delco.de\/clickandbuilds\/DelcoDatentechnikGmbH\/wp-json\/wp\/v2\/users\/6"}],"replies":[{"embeddable":true,"href":"https:\/\/delco.de\/clickandbuilds\/DelcoDatentechnikGmbH\/wp-json\/wp\/v2\/comments?post=156"}],"version-history":[{"count":261,"href":"https:\/\/delco.de\/clickandbuilds\/DelcoDatentechnikGmbH\/wp-json\/wp\/v2\/pages\/156\/revisions"}],"predecessor-version":[{"id":3789,"href":"https:\/\/delco.de\/clickandbuilds\/DelcoDatentechnikGmbH\/wp-json\/wp\/v2\/pages\/156\/revisions\/3789"}],"wp:attachment":[{"href":"https:\/\/delco.de\/clickandbuilds\/DelcoDatentechnikGmbH\/wp-json\/wp\/v2\/media?parent=156"}],"curies":[{"name":"wp","href":"https:\/\/api.w.org\/{rel}","templated":true}]}}