{"id":38,"date":"2017-01-31T15:56:43","date_gmt":"2017-01-31T15:56:43","guid":{"rendered":"http:\/\/delco-datentechnik.de\/?page_id=38"},"modified":"2020-02-10T13:00:03","modified_gmt":"2020-02-10T13:00:03","slug":"impressum","status":"publish","type":"page","link":"https:\/\/delco.de\/clickandbuilds\/DelcoDatentechnikGmbH\/impressum\/","title":{"rendered":"Impressum"},"content":{"rendered":"<p><span style=\"color: #000000;\"><strong>Angaben gem\u00e4\u00df \u00a7 5 TMG<br>\n<\/strong><\/span><\/p>\n<p><span style=\"color: #000000;\">DELCO-Datentechnik GmbH<\/span><br>\n<span style=\"color: #000000;\">Mastholter Str. 230<\/span><br>\n<span style=\"color: #000000;\">59558 Lippstadt<\/span><\/p>\n<p><span style=\"color: #000000;\"><strong>Vertreten durch: <\/strong><\/span><br>\n<span style=\"color: #000000;\">Hubert Kemper<\/span><\/p>\n<p><span style=\"color: #000000;\"><strong>Kontakt: <\/strong><\/span><br>\n<span style=\"color: #000000;\">Telefon: (+49) 02941|9732-0<\/span><br>\n<span style=\"color: #000000;\">E-Mail:&nbsp;&nbsp; info@delco.de<\/span><\/p>\n<p><span style=\"color: #000000;\"><strong>Registereintrag: <\/strong>Eintragung im Handelsregister<\/span><\/p>\n<p><span style=\"color: #000000;\"><strong>Registergericht: <\/strong>Paderborn<\/span><\/p>\n<p><span style=\"color: #000000;\"><strong>Registernummer: <\/strong>HRB 5911<\/span><\/p>\n<p><span style=\"color: #000000;\"><strong>Umsatzsteuer-Identifikationsnummer gem\u00e4\u00df \u00a7 27a Umsatzsteuergesetz: <\/strong>DE 126329384<\/span><\/p>\n<div class=\"paragraph\">\n<div id=\"id607054a1c8098c509\">\n<div class=\"normal\">\n<p><span style=\"color: #000000;\"><strong>Quellenangaben f\u00fcr die verwendeten Bilder und Grafiken:<br>\n<\/strong><\/span><\/p>\n<p><span style=\"font-family: Verdana, Tahoma, Helvetica; font-size: small; color: #000000;\">\u00a9frank peters &#8211; Fotolia.com, \u00a9IMasters &#8211; Fotolia.com, \u00a9Mixage &#8211; Fotolia.com, \u00a9pixeltrap &#8211; Fotolia.com, \u00a9federico igea &#8211; Fotolia.com, \u00a9FW &#8211; Fotolia.com, \u00a9Mixage &#8211; Fotolia.com, \u00a9maxoidos &#8211; Fotolia.com \u00a9Silkstock &#8211; Fotolia.com,\u00a9pixeltrap &#8211; Fotolia.com, \u00a9Jim Barber &#8211; Fotolia.com, \u00a9Thaut Images &#8211; Fotolia.com, \u00a9Alexey Shkitenkov &#8211; Fotolia, \u00a9Marco2811 &#8211; Fotolia.com, \u00a9Christian Schwier &#8211; Fotolia.com, \u00a9mipan &#8211; Fotolia.com, \u00a9industrieblick &#8211; Fotolia.com, \u00a9ferkelraggae- Fotolia.com, \u00a9MR &#8211; Fotolia.com, &nbsp;\u00a9Picture-Factory &#8211; Fotolia.com, \u00a9megastocker &#8211; Fotolia.com, \u00a9Olivier Le Moal &#8211; Fotolia.com, \u00a9Bernd Geller &#8211; Fotolia.com, \u00a9Ingo Bartussek &#8211; Fotolia.com, Stephanie Hofschlaeger \/gettyimages\/ pixelio.de, Windorias \/ pixelio.de, brand68 \/ pixelio.de, Mit freundlicher Genehmigung von datafox<\/span><\/p>\n<p><span style=\"font-family: Verdana, Tahoma, Helvetica; color: #000000;\"><span style=\"font-size: xx-small;\">Quelle: <em>Impressumgenerator von <a style=\"color: #000000;\" href=\"http:\/\/www.e-recht24.de\/\"><u>http:\/\/www.e-recht24.de\/<\/u><\/a><\/em><\/span><\/span><\/p>\n<p><span style=\"color: #000000;\"><strong>Haftung f\u00fcr Links<\/strong><\/span><\/p>\n<p><span style=\"color: #000000;\">Unser Angebot enth\u00e4lt Links zu externen Webseiten Dritter, auf deren Inhalte wir keinen Einfluss haben. Deshalb k\u00f6nnen wir f\u00fcr diese fremden Inhalte auch keine Gew\u00e4hr \u00fcbernehmen. F\u00fcr die Inhalte der verlinkten Seiten ist stets der jeweilige Anbieter oder Betreiber der Seiten verantwortlich. Die verlinkten Seiten wurden zum Zeitpunkt der Verlinkung auf m\u00f6gliche Rechtsverst\u00f6\u00dfe \u00fcberpr\u00fcft. Rechtswidrige Inhalte waren zum Zeitpunkt der Verlinkung nicht erkennbar. Eine permanente inhaltliche Kontrolle der verlinkten Seiten ist jedoch ohne konkrete Anhaltspunkte einer Rechtsverletzung nicht zumutbar. Bei Bekanntwerden von Rechtsverletzungen werden wir derartige Links umgehend entfernen.<\/span><\/p>\n<p><span style=\"color: #000000;\"><strong>Urheberrecht<\/strong><\/span><\/p>\n<p><span style=\"color: #000000;\">Die durch die Seitenbetreiber erstellten Inhalte und Werke auf diesen Seiten unterliegen dem deutschen Urheberrecht. Die Vervielf\u00e4ltigung, Bearbeitung, Verbreitung und jede Art der Verwertung au\u00dferhalb der Grenzen des Urheberrechtes bed\u00fcrfen der schriftlichen Zustimmung des jeweiligen Autors bzw. Erstellers. Downloads und Kopien dieser Seite sind nur f\u00fcr den privaten, nicht kommerziellen Gebrauch gestattet. Soweit die Inhalte auf dieser Seite nicht vom Betreiber erstellt wurden, werden die Urheberrechte Dritter beachtet. Insbesondere werden Inhalte Dritter als solche gekennzeichnet. Sollten Sie trotzdem auf eine Urheberrechtsverletzung aufmerksam werden, bitten wir um einen entsprechenden Hinweis. Bei Bekanntwerden von Rechtsverletzungen werden wir derartige Inhalte umgehend entfernen.<\/span><\/p>\n<p><span style=\"color: #000000;\"><strong>Google Analytics<\/strong><\/span><\/p>\n<p><span style=\"color: #000000;\">Diese Website benutzt Google Analytics, einen Webanalysedienst der Google Inc. (&#8220;Google&#8220;). Google Analytics verwendet sog. &#8220;Cookies&#8220;, Textdateien, die auf Ihrem Computer gespeichert werden und die eine Analyse der Benutzung der Website durch Sie erm\u00f6glicht. Die durch den Cookie erzeugten Informationen \u00fcber Ihre Benutzung diese Website (einschlie\u00dflich Ihrer IP-Adresse) wird an einen Server von Google in den USA \u00fcbertragen und dort gespeichert. Google wird diese Informationen benutzen, um Ihre Nutzung der Website auszuwerten, um Reports \u00fcber die Websiteaktivit\u00e4ten f\u00fcr die Websitebetreiber zusammenzustellen und um weitere mit der Websitenutzung und der Internetnutzung verbundene Dienstleistungen zu erbringen. Auch wird Google diese Informationen gegebenenfalls an Dritte \u00fcbertragen, sofern dies gesetzlich vorgeschrieben oder soweit Dritte diese Daten im Auftrag von Google verarbeiten. Google wird in keinem Fall Ihre IP-Adresse mit anderen Daten der Google in Verbindung bringen. Sie k\u00f6nnen die Installation der Cookies durch eine entsprechende Einstellung Ihrer Browser Software verhindern.<\/span><br>\n<span style=\"color: #000000;\">Wir weisen Sie jedoch darauf hin, dass Sie in diesem Fall gegebenenfalls nicht s\u00e4mtliche Funktionen dieser Website voll umf\u00e4nglich nutzen k\u00f6nnen. Durch die Nutzung dieser Website erkl\u00e4ren Sie sich mit der Bearbeitung der \u00fcber Sie erhobenen Daten durch Google in der zuvor beschriebenen Art und Weise und zu dem zuvor benannten Zweck ei<\/span>nverstanden.<\/p>\n<\/div>\n<\/div>\n<\/div>\n\n\n<p><a href=\"http:\/\/delco.de\/\">\u25c4 Home<\/a><\/p>\n","protected":false},"excerpt":{"rendered":"<p>Angaben gem\u00e4\u00df \u00a7 5 TMG DELCO-Datentechnik GmbH Mastholter Str. 230 59558 Lippstadt Vertreten durch: Hubert Kemper Kontakt: Telefon: (+49) 02941|9732-0 E-Mail:&nbsp;&nbsp; info@delco.de Registereintrag: Eintragung im Handelsregister Registergericht: Paderborn Registernummer: HRB 5911 Umsatzsteuer-Identifikationsnummer gem\u00e4\u00df \u00a7 27a Umsatzsteuergesetz: DE 126329384 Quellenangaben f\u00fcr die verwendeten Bilder und Grafiken: \u00a9frank peters &#8211; Fotolia.com, \u00a9IMasters\u2026<\/p>\n<p class=\"continue-reading-button\"> <a class=\"continue-reading-link\" href=\"https:\/\/delco.de\/clickandbuilds\/DelcoDatentechnikGmbH\/impressum\/\">mehr lesen<i class=\"crycon-right-dir\"><\/i><\/a><\/p>\n","protected":false},"author":6,"featured_media":0,"parent":0,"menu_order":0,"comment_status":"closed","ping_status":"closed","template":"templates\/template-onecolumn.php","meta":{"footnotes":""},"class_list":["post-38","page","type-page","status-publish","hentry"],"_links":{"self":[{"href":"https:\/\/delco.de\/clickandbuilds\/DelcoDatentechnikGmbH\/wp-json\/wp\/v2\/pages\/38","targetHints":{"allow":["GET"]}}],"collection":[{"href":"https:\/\/delco.de\/clickandbuilds\/DelcoDatentechnikGmbH\/wp-json\/wp\/v2\/pages"}],"about":[{"href":"https:\/\/delco.de\/clickandbuilds\/DelcoDatentechnikGmbH\/wp-json\/wp\/v2\/types\/page"}],"author":[{"embeddable":true,"href":"https:\/\/delco.de\/clickandbuilds\/DelcoDatentechnikGmbH\/wp-json\/wp\/v2\/users\/6"}],"replies":[{"embeddable":true,"href":"https:\/\/delco.de\/clickandbuilds\/DelcoDatentechnikGmbH\/wp-json\/wp\/v2\/comments?post=38"}],"version-history":[{"count":24,"href":"https:\/\/delco.de\/clickandbuilds\/DelcoDatentechnikGmbH\/wp-json\/wp\/v2\/pages\/38\/revisions"}],"predecessor-version":[{"id":3792,"href":"https:\/\/delco.de\/clickandbuilds\/DelcoDatentechnikGmbH\/wp-json\/wp\/v2\/pages\/38\/revisions\/3792"}],"wp:attachment":[{"href":"https:\/\/delco.de\/clickandbuilds\/DelcoDatentechnikGmbH\/wp-json\/wp\/v2\/media?parent=38"}],"curies":[{"name":"wp","href":"https:\/\/api.w.org\/{rel}","templated":true}]}}