{"id":42,"date":"2017-06-07T12:10:50","date_gmt":"2017-06-07T12:10:50","guid":{"rendered":"http:\/\/delco-datentechnik.de\/?page_id=42"},"modified":"2020-02-20T03:58:43","modified_gmt":"2020-02-20T03:58:43","slug":"software","status":"publish","type":"page","link":"https:\/\/delco.de\/clickandbuilds\/DelcoDatentechnikGmbH\/software\/","title":{"rendered":"Software"},"content":{"rendered":"\n<hr class=\"wp-block-separator\"\/>\n\n\n\n<hr class=\"wp-block-separator\"\/>\n\n\n\n<div class=\"wp-block-media-text alignwide\" style=\"grid-template-columns:28% auto\"><figure class=\"wp-block-media-text__media\"><img loading=\"lazy\" decoding=\"async\" width=\"317\" height=\"176\" src=\"http:\/\/delco.de\/wp-content\/uploads\/2020\/02\/software_60302959.jpg\" alt=\"\" class=\"wp-image-3266\" srcset=\"https:\/\/delco.de\/wp-content\/uploads\/2020\/02\/software_60302959.jpg 317w, https:\/\/delco.de\/wp-content\/uploads\/2020\/02\/software_60302959-300x167.jpg 300w, https:\/\/delco.de\/wp-content\/uploads\/2020\/02\/software_60302959-150x83.jpg 150w\" sizes=\"auto, (max-width: 317px) 100vw, 317px\" \/><\/figure><div class=\"wp-block-media-text__content\">\n<p> Unsere hochintegrierte Software ist modular aufgebaut und ist ebenso erweiterbar mit den individuellen Anforderungen des Benutzers. Die Programme sind leicht bedienbar, flexibel und integrierbar, basierend auf Microsoft Windows. <br><strong>Weiterhin sorgt das Programm durch seine hohe Einsatzflexibilit\u00e4t f\u00fcr den nachhaltigen Erfolg Ihres Unternehmens und langfristige Wettbewerbsvorteile !!! <\/strong><\/p>\n<\/div><\/div>\n\n\n\n<hr class=\"wp-block-separator\"\/>\n\n\n\n<p style=\"color:#194b7f;font-size:21px\" class=\"has-text-color\"><strong>Unser Produkt-Portfolio im \u00dcberblick:<\/strong><\/p>\n\n\n\n<pre class=\"wp-block-verse\"><a href=\"https:\/\/delco.de\/clickandbuilds\/DelcoDatentechnikGmbH\/delwa-hi\/\">DelWa-HI<\/a>   (Besondere Eignung f\u00fcr Handel und Industrie)<\/pre>\n\n\n\n<p><\/p>\n\n\n\n<pre class=\"wp-block-verse\"><a href=\"https:\/\/delco.de\/clickandbuilds\/DelcoDatentechnikGmbH\/delwa-fs\/\">DelWa-FS<\/a>   (Erweiterungen im Bereich Fertigungssteuerung)<\/pre>\n\n\n\n<p><\/p>\n\n\n\n<pre class=\"wp-block-verse\"><a href=\"https:\/\/delco.de\/clickandbuilds\/DelcoDatentechnikGmbH\/delwa-pm-projektbasierte-warenwirtschaft\/\">DelWa-PM<\/a>   (Grundsystem mit Erweiterungen im Bereich Projektmanagement)<\/pre>\n\n\n\n<p><\/p>\n\n\n\n<pre class=\"wp-block-verse\"><a href=\"https:\/\/delco.de\/clickandbuilds\/DelcoDatentechnikGmbH\/warenwirtschaft-erneuerbare-energien\/\">DelWa-EEN<\/a>   (ERP-System f\u00fcr erneuerbare Energien mit Projektverwaltung)<\/pre>\n\n\n\n<p><\/p>\n\n\n\n<pre class=\"wp-block-verse\"><a href=\"https:\/\/delco.de\/clickandbuilds\/DelcoDatentechnikGmbH\/winzeit\/\">WinZeit i6<\/a> (Personalzeit-\/Projektdatenerfassung)<\/pre>\n\n\n\n<p><\/p>\n\n\n\n<pre class=\"wp-block-verse\"><a href=\"https:\/\/delco.de\/clickandbuilds\/DelcoDatentechnikGmbH\/delfi-6\/\">DelFi 6.0<\/a>   (Finanzbuchhaltung und Kostenrechnung)<\/pre>\n\n\n\n<p><\/p>\n\n\n\n<p><\/p>\n\n\n\n<hr class=\"wp-block-separator\"\/>\n\n\n\n<p><a href=\"http:\/\/delco.de\/\">\u25c4 Home<\/a><\/p>\n","protected":false},"excerpt":{"rendered":"<p>Unsere hochintegrierte Software ist modular aufgebaut und ist ebenso erweiterbar mit den individuellen Anforderungen des Benutzers. Die Programme sind leicht bedienbar, flexibel und integrierbar, basierend auf Microsoft Windows. Weiterhin sorgt das Programm durch seine hohe Einsatzflexibilit\u00e4t f\u00fcr den nachhaltigen Erfolg Ihres Unternehmens und langfristige Wettbewerbsvorteile !!! Unser Produkt-Portfolio im \u00dcberblick:\u2026<\/p>\n<p class=\"continue-reading-button\"> <a class=\"continue-reading-link\" href=\"https:\/\/delco.de\/clickandbuilds\/DelcoDatentechnikGmbH\/software\/\">mehr lesen<i class=\"crycon-right-dir\"><\/i><\/a><\/p>\n","protected":false},"author":6,"featured_media":43,"parent":0,"menu_order":0,"comment_status":"closed","ping_status":"closed","template":"","meta":{"footnotes":""},"class_list":["post-42","page","type-page","status-publish","has-post-thumbnail","hentry"],"_links":{"self":[{"href":"https:\/\/delco.de\/clickandbuilds\/DelcoDatentechnikGmbH\/wp-json\/wp\/v2\/pages\/42","targetHints":{"allow":["GET"]}}],"collection":[{"href":"https:\/\/delco.de\/clickandbuilds\/DelcoDatentechnikGmbH\/wp-json\/wp\/v2\/pages"}],"about":[{"href":"https:\/\/delco.de\/clickandbuilds\/DelcoDatentechnikGmbH\/wp-json\/wp\/v2\/types\/page"}],"author":[{"embeddable":true,"href":"https:\/\/delco.de\/clickandbuilds\/DelcoDatentechnikGmbH\/wp-json\/wp\/v2\/users\/6"}],"replies":[{"embeddable":true,"href":"https:\/\/delco.de\/clickandbuilds\/DelcoDatentechnikGmbH\/wp-json\/wp\/v2\/comments?post=42"}],"version-history":[{"count":120,"href":"https:\/\/delco.de\/clickandbuilds\/DelcoDatentechnikGmbH\/wp-json\/wp\/v2\/pages\/42\/revisions"}],"predecessor-version":[{"id":3818,"href":"https:\/\/delco.de\/clickandbuilds\/DelcoDatentechnikGmbH\/wp-json\/wp\/v2\/pages\/42\/revisions\/3818"}],"wp:featuredmedia":[{"embeddable":true,"href":"https:\/\/delco.de\/clickandbuilds\/DelcoDatentechnikGmbH\/wp-json\/wp\/v2\/media\/43"}],"wp:attachment":[{"href":"https:\/\/delco.de\/clickandbuilds\/DelcoDatentechnikGmbH\/wp-json\/wp\/v2\/media?parent=42"}],"curies":[{"name":"wp","href":"https:\/\/api.w.org\/{rel}","templated":true}]}}