{"id":427,"date":"2017-05-02T10:51:22","date_gmt":"2017-05-02T10:51:22","guid":{"rendered":"http:\/\/delco-datentechnik.de\/?page_id=427"},"modified":"2020-02-10T09:41:01","modified_gmt":"2020-02-10T09:41:01","slug":"module-fuer-delwa-hi","status":"publish","type":"page","link":"https:\/\/delco.de\/clickandbuilds\/DelcoDatentechnikGmbH\/software\/module-fuer-delwa-hi\/","title":{"rendered":"Zusatzmodule DelWa-HI"},"content":{"rendered":"\n<hr class=\"wp-block-separator\"\/>\n\n\n\n<hr class=\"wp-block-separator\"\/>\n\n\n\n<p style=\"color:#194b7f;font-size:21px\" class=\"has-text-color\"><strong>1. Modul- Service und Wartung <\/strong><\/p>\n\n\n\n<p><span style=\"font-family: Verdana, sans-serif;\">Es vereinfacht die Verwaltung von Wartungsauftr\u00e4gen und unterst\u00fctzt Mitarbeiter im Innen- und Au\u00dfendienst bei Reparatur- und Dienstleistungsaufgaben.<br>Dieses Softwaremodul tr\u00e4gt ma\u00dfgeblich dazu bei, die Prozesse im Servicebereich besser zu strukturieren und transparenter darzustellen.<\/span><\/p>\n\n\n\n<ul class=\"wp-block-list\"><li><span style=\"font-family: Verdana, sans-serif;\">Verwaltung von Servicevertr\u00e4gen <\/span><\/li><li><span style=\"font-family: Verdana, sans-serif;\">Erzeugung wiederkehrender Rechnungen zu den Servicevertr\u00e4gen <\/span><\/li><li><span style=\"font-family: Verdana, sans-serif;\">Erstellung von Wartungspl\u00e4nen <\/span><\/li><li><span style=\"font-family: Verdana, sans-serif;\">Erzeugung von Serviceauftr\u00e4gen auf Anforderung, aus Projekten oder automatisch aus Servicevertr\u00e4gen <\/span><\/li><li><span style=\"font-family: Verdana, sans-serif;\">\u00dcberwachung und Kalkulation der Servicevertr\u00e4ge <\/span><\/li><li><span style=\"font-family: Verdana, sans-serif;\">Terminierung von Servicevertr\u00e4gen <\/span><\/li><li><span style=\"font-family: Verdana, sans-serif;\">Erfassung von Material und Arbeitszeit zu den Serviceauftr\u00e4gen <\/span><\/li><li><span style=\"font-family: Verdana, sans-serif;\">Dokumentation der Serviceeins\u00e4tze anhand von Text und Fotos <\/span><\/li><li><span style=\"font-family: Verdana, sans-serif;\">Ggf. Fakturierung der Serviceauftr\u00e4ge <\/span><\/li><\/ul>\n\n\n\n<p style=\"color:#194b7f;font-size:21px\" class=\"has-text-color\"><strong>2. Modul- Vertriebsf\u00f6rderung<\/strong><\/p>\n\n\n\n<ul class=\"wp-block-list\"><li><span style=\"font-family: Verdana, sans-serif;\">Serienbrief-, Serienmailfunktion <\/span><\/li><li><span style=\"font-family: Verdana, sans-serif;\">Wiederverwendbare Adresspools <\/span><\/li><li><span style=\"font-family: Verdana, sans-serif;\">Verwaltung von Textvorlagen <\/span><\/li><li><span style=\"font-family: Verdana, sans-serif;\">Kampagnenbezogene Sonderpreise in Artikeldaten <\/span><\/li><li><span style=\"font-family: Verdana, sans-serif;\">Erfassung von R\u00fcckmeldungen <\/span><\/li><li><span style=\"font-family: Verdana, sans-serif;\">Speicherung kampagnenbezogener Auftr\u00e4ge <\/span><\/li><li><span style=\"font-family: Verdana, sans-serif;\">Erfolgsauswertung<\/span><\/li><\/ul>\n\n\n\n<p style=\"color:#194b7f;font-size:21px\" class=\"has-text-color\"><strong>3. Modul- Projektmanagement<\/strong><\/p>\n\n\n\n<p><span style=\"font-family: Verdana, sans-serif;\">Verwaltung aller relevanten Vorg\u00e4nge rund um ein Projekt.<br>Angefangen von der Angebotsphase, \u00fcber die Auftragsabwicklung bis hin zur abschlie\u00dfenden Beurteilung, unterst\u00fctzen wir Sie in allen Bereichen.<\/span><\/p>\n\n\n\n<ul class=\"wp-block-list\"><li><span style=\"font-family: Verdana, sans-serif;\">Aufgabenverwaltung <\/span><\/li><li><span style=\"font-family: Verdana, sans-serif;\">Information <\/span><\/li><li><span style=\"font-family: Verdana, sans-serif;\">Terminierung <\/span><\/li><li><span style=\"font-family: Verdana, sans-serif;\">\u00dcberwachung von Belegen <\/span><\/li><li><span style=\"font-family: Verdana, sans-serif;\">Kalkulation <\/span><\/li><\/ul>\n\n\n\n<p style=\"color:#194b7f;font-size:21px\" class=\"has-text-color\"><strong>4. Modul- Edifact<\/strong><\/p>\n\n\n\n<p><span style=\"font-family: Verdana, sans-serif;\">Empfangen und senden Sie kaufm\u00e4nnische Vorg\u00e4nge auf elektronischem Weg <\/span><span style=\"font-family: Verdana, sans-serif;\">direkt in oder aus Ihrem System.<\/span><\/p>\n\n\n\n<hr class=\"wp-block-separator\"\/>\n\n\n\n<p><a href=\"https:\/\/delco.de\/clickandbuilds\/DelcoDatentechnikGmbH\/delwa-hi\/\">\u25c4 Zur\u00fcck<\/a><\/p>\n\n\n\n<p><a href=\"http:\/\/delco.de\/\">\u25c4 Home<\/a><\/p>\n","protected":false},"excerpt":{"rendered":"<p>1. Modul- Service und Wartung Es vereinfacht die Verwaltung von Wartungsauftr\u00e4gen und unterst\u00fctzt Mitarbeiter im Innen- und Au\u00dfendienst bei Reparatur- und Dienstleistungsaufgaben.Dieses Softwaremodul tr\u00e4gt ma\u00dfgeblich dazu bei, die Prozesse im Servicebereich besser zu strukturieren und transparenter darzustellen. Verwaltung von Servicevertr\u00e4gen Erzeugung wiederkehrender Rechnungen zu den Servicevertr\u00e4gen Erstellung von Wartungspl\u00e4nen Erzeugung\u2026<\/p>\n<p class=\"continue-reading-button\"> <a class=\"continue-reading-link\" href=\"https:\/\/delco.de\/clickandbuilds\/DelcoDatentechnikGmbH\/software\/module-fuer-delwa-hi\/\">mehr lesen<i class=\"crycon-right-dir\"><\/i><\/a><\/p>\n","protected":false},"author":6,"featured_media":0,"parent":42,"menu_order":0,"comment_status":"closed","ping_status":"closed","template":"","meta":{"footnotes":""},"class_list":["post-427","page","type-page","status-publish","hentry"],"_links":{"self":[{"href":"https:\/\/delco.de\/clickandbuilds\/DelcoDatentechnikGmbH\/wp-json\/wp\/v2\/pages\/427","targetHints":{"allow":["GET"]}}],"collection":[{"href":"https:\/\/delco.de\/clickandbuilds\/DelcoDatentechnikGmbH\/wp-json\/wp\/v2\/pages"}],"about":[{"href":"https:\/\/delco.de\/clickandbuilds\/DelcoDatentechnikGmbH\/wp-json\/wp\/v2\/types\/page"}],"author":[{"embeddable":true,"href":"https:\/\/delco.de\/clickandbuilds\/DelcoDatentechnikGmbH\/wp-json\/wp\/v2\/users\/6"}],"replies":[{"embeddable":true,"href":"https:\/\/delco.de\/clickandbuilds\/DelcoDatentechnikGmbH\/wp-json\/wp\/v2\/comments?post=427"}],"version-history":[{"count":48,"href":"https:\/\/delco.de\/clickandbuilds\/DelcoDatentechnikGmbH\/wp-json\/wp\/v2\/pages\/427\/revisions"}],"predecessor-version":[{"id":3688,"href":"https:\/\/delco.de\/clickandbuilds\/DelcoDatentechnikGmbH\/wp-json\/wp\/v2\/pages\/427\/revisions\/3688"}],"up":[{"embeddable":true,"href":"https:\/\/delco.de\/clickandbuilds\/DelcoDatentechnikGmbH\/wp-json\/wp\/v2\/pages\/42"}],"wp:attachment":[{"href":"https:\/\/delco.de\/clickandbuilds\/DelcoDatentechnikGmbH\/wp-json\/wp\/v2\/media?parent=427"}],"curies":[{"name":"wp","href":"https:\/\/api.w.org\/{rel}","templated":true}]}}